 common factor of 9 and 531.
9
What is the highest common factor of 32111 and 489?
163
Calculate the highest common divisor of 63 and 49.
7
Calculate the highest common factor of 2 and 484.
2
Calculate the greatest common factor of 697 and 533.
41
What is the highest common factor of 35 and 8995?
35
What is the greatest common factor of 566 and 6?
2
What is the greatest common factor of 2079 and 1323?
189
What is the greatest common divisor of 357 and 189?
21
What is the greatest common factor of 40086 and 102?
102
Calculate the greatest common factor of 8752 and 16.
16
Calculate the greatest common factor of 130 and 290.
10
What is the greatest common factor of 21 and 84?
21
Calculate the highest common divisor of 16 and 140.
4
Calculate the greatest common divisor of 2054 and 26.
26
Calculate the highest common factor of 34 and 1666.
34
What is the greatest common factor of 20 and 172?
4
What is the highest common factor of 49 and 1617?
49
Calculate the greatest common factor of 18345 and 15.
15
What is the highest common divisor of 5088 and 384?
96
What is the greatest common divisor of 507 and 312?
39
What is the highest common divisor of 2 and 647?
1
What is the greatest common factor of 18 and 4122?
18
Calculate the highest common divisor of 504 and 72.
72
What is the greatest common factor of 1000 and 80?
40
What is the highest common divisor of 10 and 3325?
5
Calculate the highest common factor of 6390 and 720.
90
Calculate the greatest common divisor of 208 and 13.
13
Calculate the highest common divisor of 28041 and 39.
39
What is the greatest common factor of 238 and 5593?
119
What is the greatest common factor of 55 and 5?
5
What is the greatest common divisor of 17 and 16711?
17
Calculate the highest common factor of 330 and 44.
22
What is the highest common divisor of 25 and 635?
5
Calculate the highest common divisor of 145 and 203.
29
What is the highest common divisor of 64 and 22848?
64
Calculate the greatest common factor of 28 and 56.
28
Calculate the greatest common divisor of 15 and 535.
5
Calculate the greatest common factor of 1173 and 153.
51
What is the greatest common divisor of 58 and 3538?
58
Calculate the greatest common divisor of 13448 and 8.
8
Calculate the greatest common factor of 216 and 264.
24
What is the greatest common factor of 10 and 3155?
5
Calculate the highest common divisor of 606 and 54.
6
What is the highest common divisor of 663 and 68?
17
What is the greatest common factor of 6 and 2?
2
What is the highest common divisor of 135 and 315?
45
What is the highest common factor of 132 and 48?
12
What is the highest common factor of 336 and 777?
21
What is the highest common factor of 280 and 490?
70
Calculate the greatest common factor of 96 and 1176.
24
What is the highest common divisor of 252 and 1470?
42
What is the greatest common factor of 2400 and 50?
50
Calculate the highest common divisor of 64 and 128.
64
What is the greatest common factor of 105 and 420?
105
Calculate the highest common divisor of 63066 and 138.
138
Calculate the greatest common divisor of 123 and 38376.
123
What is the greatest common factor of 4 and 72?
4
What is the highest common factor of 36 and 63?
9
What is the greatest common factor of 63 and 90?
9
What is the highest common divisor of 28 and 32?
4
Calculate the highest common factor of 189 and 189.
189
What is the greatest common divisor of 512 and 4?
4
Calculate the highest common factor of 172 and 1376.
172
Calculate the greatest common divisor of 380 and 9340.
20
Calculate the greatest common factor of 203 and 928.
29
What is the greatest common factor of 48169 and 638?
319
What is the greatest common divisor of 98 and 112?
14
What is the greatest common factor of 247 and 38?
19
What is the greatest common factor of 34 and 952?
34
What is the highest common factor of 1738 and 44?
22
What is the highest common factor of 14 and 2?
2
What is the highest common divisor of 5213 and 13?
13
Calculate the highest common divisor of 3081 and 507.
39
Calculate the highest common divisor of 168 and 7.
7
What is the greatest common divisor of 24 and 26088?
24
Calculate the highest common divisor of 46896 and 16.
16
What is the highest common divisor of 190 and 114?
38
Calculate the highest common divisor of 76855 and 95.
95
Calculate the greatest common divisor of 71 and 4331.
71
What is the greatest common factor of 11 and 121?
11
What is the greatest common factor of 7569 and 9?
9
Calculate the highest common factor of 60 and 255.
15
Calculate the greatest common factor of 28 and 329.
7
Calculate the highest common factor of 35 and 3045.
35
What is the greatest common factor of 1305 and 8555?
145
What is the highest common divisor of 695 and 973?
139
What is the highest common factor of 11 and 43219?
11
What is the greatest common divisor of 108 and 189?
27
Calculate the highest common divisor of 30 and 60.
30
What is the greatest common divisor of 2400 and 700?
100
What is the highest common divisor of 56 and 16?
8
Calculate the greatest common divisor of 9 and 243.
9
What is the highest common divisor of 4064 and 128?
32
What is the highest common divisor of 101 and 2323?
101
What is the highest common divisor of 304 and 14?
2
What is the greatest common factor of 348 and 58?
58
Calculate the greatest common factor of 215 and 23435.
215
What is the greatest common divisor of 768 and 928?
32
What is the highest common divisor of 69 and 25323?
69
What is the greatest common factor of 33 and 15?
3
Calculate the highest common divisor of 72 and 14832.
72
What is the highest common divisor of 88 and 24?
8
Calculate the greatest common factor of 99 and 7359.
33
What is the greatest common factor of 338 and 208?
26
Calculate the highest common divisor of 1729 and 13.
13
What is the highest common divisor of 53 and 4?
1
Calculate the greatest common divisor of 75 and 159.
3
Calculate the greatest common divisor of 45 and 711.
9
What is the highest common factor of 63435 and 15?
15
What is the greatest common divisor of 354 and 2006?
118
What is the highest common divisor of 105 and 357?
21
Calculate the greatest common divisor of 18 and 2.
2
What is the highest common factor of 190 and 152?
38
What is the highest common factor of 1331 and 242?
121
Calculate the greatest common divisor of 578 and 238.
34
What is the greatest common factor of 806 and 10354?
62
Calculate the highest common divisor of 117 and 1323.
9
What is the highest common factor of 50 and 40?
10
What is the highest common divisor of 4 and 184?
4
Calculate the greatest common divisor of 186 and 465.
93
Calculate the highest common factor of 966 and 126.
42
Calculate the greatest common divisor of 43873 and 73.
73
Calculate the highest common divisor of 3 and 849.
3
Calculate the greatest common divisor of 4982 and 376.
94
What is the highest common factor of 13 and 299?
13
Calculate the highest common factor of 2343 and 33.
33
Calculate the highest common divisor of 8 and 11880.
8
Calculate the highest common factor of 138 and 874.
46
What is the highest common divisor of 237 and 158?
79
What is the highest common factor of 2508 and 308?
44
What is the greatest common factor of 3 and 111?
3
What is the highest common factor of 168 and 280?
56
Calculate the highest common factor of 90 and 25.
5
Calculate the greatest common divisor of 616 and 112.
56
Calculate the highest common divisor of 574 and 28.
14
Calculate the highest common factor of 309 and 12.
3
Calculate the greatest common factor of 531 and 13511.
59
Calculate the highest common divisor of 130 and 5642.
26
What is the greatest common factor of 5 and 25?
5
What is the greatest common factor of 69005 and 185?
185
Calculate the highest common divisor of 245 and 392.
49
What is the highest common divisor of 1440 and 88?
8
What is the highest common divisor of 11 and 33?
11
Calculate the greatest common divisor of 118 and 38940.
118
What is the highest common factor of 260 and 3432?
52
What is the highest common divisor of 448 and 128?
64
What is the greatest common divisor of 5 and 8480?
5
What is the highest common factor of 3552 and 12?
12
Calculate the greatest common factor of 2580 and 20.
20
Calculate the highest common divisor of 2 and 114.
